{"id":185,"date":"2017-03-27T08:23:00","date_gmt":"2017-03-27T08:23:00","guid":{"rendered":"http:\/\/rasf.eu\/?page_id=185"},"modified":"2026-03-29T12:02:51","modified_gmt":"2026-03-29T11:02:51","slug":"mach-mit","status":"publish","type":"page","link":"http:\/\/rasf.eu\/?page_id=185&lang=de","title":{"rendered":"Support Us\/Kontakt"},"content":{"rendered":"<p>Mit der RASF haben wir eine Plattform geschaffen, die dir die M\u00f6glichkeit gibt, dich in unsere Gesellschaftskritik einzubringen. Wir freuen uns \u00fcber jeglichen Beitrag: redaktionell, k\u00fcnstlerisch oder \u00fcber die Verteilung von Flyern. Wenn du also Lust hast, unsere Bewegung zu unterst\u00fctzen oder einfach nur Kontakt mit uns aufzunehmen, dann schreib an <strong><a class=\"underline underline underline-offset-2 decoration-1 decoration-current\/40 hover:decoration-current focus:decoration-current\" href=\"mailto:info@rasf.eu\">info@rasf.eu<\/a><\/strong> ! Schicke uns gerne auch ein Foto mit Flyer und deinem Statement, warum du uns unterst\u00fctzt.<\/p>\n<p>With the RASF, we have created a platform that gives you the opportunity to contribute to our social critique. We welcome any kind of contribution \u2014 editorial, artistic, or by distributing flyers. So if you&#8217;d like to support our movement or simply get in touch, write to <a class=\"underline underline underline-offset-2 decoration-1 decoration-current\/40 hover:decoration-current focus:decoration-current\" href=\"mailto:info@rasf.eu\">info@rasf.eu<\/a>! Feel free to also send us a photo with a flyer and your statement on why you support us.<\/p>\n<p><strong>WIR SIND SCHON DABEI \/ WE ARE ALREADY ON BOARD:<br \/>\n<\/strong><\/p>\n<div id='gallery-1' class='gallery galleryid-185 gallery-columns-2 gallery-size-medium'><figure class='gallery-item'>\n\t\t\t<div class='gallery-icon portrait'>\n\t\t\t\t<a href='http:\/\/rasf.eu\/wp-content\/uploads\/2026\/03\/RASF-e1774598749492.jpeg'><img loading=\"lazy\" decoding=\"async\" width=\"293\" height=\"300\" src=\"http:\/\/rasf.eu\/wp-content\/uploads\/2026\/03\/RASF-e1774598749492-293x300.jpeg\" class=\"attachment-medium size-medium\" alt=\"\" aria-describedby=\"gallery-1-760\" srcset=\"http:\/\/rasf.eu\/wp-content\/uploads\/2026\/03\/RASF-e1774598749492-293x300.jpeg 293w, http:\/\/rasf.eu\/wp-content\/uploads\/2026\/03\/RASF-e1774598749492-999x1024.jpeg 999w, http:\/\/rasf.eu\/wp-content\/uploads\/2026\/03\/RASF-e1774598749492-768x787.jpeg 768w, http:\/\/rasf.eu\/wp-content\/uploads\/2026\/03\/RASF-e1774598749492.jpeg 1200w\" sizes=\"auto, 100vw\" \/><\/a>\n\t\t\t<\/div>\n\t\t\t\t<figcaption class='wp-caption-text gallery-caption' id='gallery-1-760'>\n\t\t\t\tMalcolm, Berlin: \u201eEin Dumbphone ohne Internet zu nutzen, ist heutzutage der m\u00e4chtigste und einfachste Zug, den man als Einzelperson machen kann, um gegen Technofaschismus zu k\u00e4mpfen und sich das Hier und Jetzt wieder anzueignen.\u201c\n\t\t\t\t<\/figcaption><\/figure><figure class='gallery-item'>\n\t\t\t<div class='gallery-icon landscape'>\n\t\t\t\t<a href='http:\/\/rasf.eu\/wp-content\/uploads\/2026\/03\/Johannes-Knecht_03.26-scaled.jpg'><img loading=\"lazy\" decoding=\"async\" width=\"300\" height=\"215\" src=\"http:\/\/rasf.eu\/wp-content\/uploads\/2026\/03\/Johannes-Knecht_03.26-300x215.jpg\" class=\"attachment-medium size-medium\" alt=\"\" aria-describedby=\"gallery-1-613\" srcset=\"http:\/\/rasf.eu\/wp-content\/uploads\/2026\/03\/Johannes-Knecht_03.26-300x215.jpg 300w, http:\/\/rasf.eu\/wp-content\/uploads\/2026\/03\/Johannes-Knecht_03.26-1024x735.jpg 1024w, http:\/\/rasf.eu\/wp-content\/uploads\/2026\/03\/Johannes-Knecht_03.26-768x551.jpg 768w, http:\/\/rasf.eu\/wp-content\/uploads\/2026\/03\/Johannes-Knecht_03.26-1536x1102.jpg 1536w, http:\/\/rasf.eu\/wp-content\/uploads\/2026\/03\/Johannes-Knecht_03.26-2048x1470.jpg 2048w\" sizes=\"auto, 100vw\" \/><\/a>\n\t\t\t<\/div>\n\t\t\t\t<figcaption class='wp-caption-text gallery-caption' id='gallery-1-613'>\n\t\t\t\tJohannes, Berlin: &#8222;Das Tastentelefon ist das letzte echte Statussymbol: Wertsch\u00e4tzung der eigenen Lebenszeit, Freiheit von menschenunfreundlichen kalifornischen Oligarchen! Macht kaputt, was Euch kaputt macht.&#8220;\n\t\t\t\t<\/figcaption><\/figure><figure class='gallery-item'>\n\t\t\t<div class='gallery-icon landscape'>\n\t\t\t\t<a href='http:\/\/rasf.eu\/wp-content\/uploads\/2017\/03\/maddin.jpeg'><img loading=\"lazy\" decoding=\"async\" width=\"300\" height=\"225\" src=\"http:\/\/rasf.eu\/wp-content\/uploads\/2017\/03\/maddin-300x225.jpeg\" class=\"attachment-medium size-medium\" alt=\"\" aria-describedby=\"gallery-1-308\" srcset=\"http:\/\/rasf.eu\/wp-content\/uploads\/2017\/03\/maddin-300x225.jpeg 300w, http:\/\/rasf.eu\/wp-content\/uploads\/2017\/03\/maddin-768x576.jpeg 768w, http:\/\/rasf.eu\/wp-content\/uploads\/2017\/03\/maddin-1024x768.jpeg 1024w\" sizes=\"auto, 100vw\" \/><\/a>\n\t\t\t<\/div>\n\t\t\t\t<figcaption class='wp-caption-text gallery-caption' id='gallery-1-308'>\n\t\t\t\tMartin, Berlin: &#8222;Lieber einen heben statt online zu leben!&#8220;\n\t\t\t\t<\/figcaption><\/figure><figure class='gallery-item'>\n\t\t\t<div class='gallery-icon landscape'>\n\t\t\t\t<a href='http:\/\/rasf.eu\/wp-content\/uploads\/2017\/03\/20170419_194134-1.jpg'><img loading=\"lazy\" decoding=\"async\" width=\"300\" height=\"169\" src=\"http:\/\/rasf.eu\/wp-content\/uploads\/2017\/03\/20170419_194134-1-300x169.jpg\" class=\"attachment-medium size-medium\" alt=\"\" aria-describedby=\"gallery-1-255\" srcset=\"http:\/\/rasf.eu\/wp-content\/uploads\/2017\/03\/20170419_194134-1-300x169.jpg 300w, http:\/\/rasf.eu\/wp-content\/uploads\/2017\/03\/20170419_194134-1-768x432.jpg 768w, http:\/\/rasf.eu\/wp-content\/uploads\/2017\/03\/20170419_194134-1-1024x576.jpg 1024w\" sizes=\"auto, 100vw\" \/><\/a>\n\t\t\t<\/div>\n\t\t\t\t<figcaption class='wp-caption-text gallery-caption' id='gallery-1-255'>\n\t\t\t\tLeo, Berlin: &#8222;Ich unterst\u00fctze die RASF, weil sie der Jugend zeigen m\u00f6chte, dass es wichtigere Dinge als Facebook gibt.&#8220;\n\t\t\t\t<\/figcaption><\/figure><figure class='gallery-item'>\n\t\t\t<div class='gallery-icon landscape'>\n\t\t\t\t<a href='http:\/\/rasf.eu\/wp-content\/uploads\/2017\/03\/chris.jpg'><img loading=\"lazy\" decoding=\"async\" width=\"300\" height=\"225\" src=\"http:\/\/rasf.eu\/wp-content\/uploads\/2017\/03\/chris-300x225.jpg\" class=\"attachment-medium size-medium\" alt=\"\" aria-describedby=\"gallery-1-239\" srcset=\"http:\/\/rasf.eu\/wp-content\/uploads\/2017\/03\/chris-300x225.jpg 300w, http:\/\/rasf.eu\/wp-content\/uploads\/2017\/03\/chris-768x576.jpg 768w, http:\/\/rasf.eu\/wp-content\/uploads\/2017\/03\/chris-1024x768.jpg 1024w\" sizes=\"auto, 100vw\" \/><\/a>\n\t\t\t<\/div>\n\t\t\t\t<figcaption class='wp-caption-text gallery-caption' id='gallery-1-239'>\n\t\t\t\tChris, Berlin: &#8222;Have you ever lost or broken your smartphone and waited a while before replacing it? I&#8217;ve done that a few times, and every time I think to myself, life is way more relaxing without a smartphone. That&#8217;s why I support the RASF.&#8220;\n\t\t\t\t<\/figcaption><\/figure><figure class='gallery-item'>\n\t\t\t<div class='gallery-icon landscape'>\n\t\t\t\t<a href='http:\/\/rasf.eu\/wp-content\/uploads\/2017\/03\/IMG_3420-1.jpg'><img loading=\"lazy\" decoding=\"async\" width=\"300\" height=\"225\" src=\"http:\/\/rasf.eu\/wp-content\/uploads\/2017\/03\/IMG_3420-1-300x225.jpg\" class=\"attachment-medium size-medium\" alt=\"\" aria-describedby=\"gallery-1-232\" srcset=\"http:\/\/rasf.eu\/wp-content\/uploads\/2017\/03\/IMG_3420-1-300x225.jpg 300w, http:\/\/rasf.eu\/wp-content\/uploads\/2017\/03\/IMG_3420-1-768x576.jpg 768w, http:\/\/rasf.eu\/wp-content\/uploads\/2017\/03\/IMG_3420-1-1024x768.jpg 1024w\" sizes=\"auto, 100vw\" \/><\/a>\n\t\t\t<\/div>\n\t\t\t\t<figcaption class='wp-caption-text gallery-caption' id='gallery-1-232'>\n\t\t\t\tNils, Hamburg: &#8222;Bist Du noch fremdbestimmt oder lebst Du schon? Dies ist mein Ger\u00e4t, das i-Dings liegt seit 14 Monaten warm und trocken in einer Schublade. Ich bin N|L5 und ich unterst\u00fctze die RASF, weil ich Freiheit und Demokratie liebe.&#8220;\n\t\t\t\t<\/figcaption><\/figure><figure class='gallery-item'>\n\t\t\t<div class='gallery-icon landscape'>\n\t\t\t\t<a href='http:\/\/rasf.eu\/wp-content\/uploads\/2017\/03\/17742549_1173584189434627_754549270_n.jpg'><img loading=\"lazy\" decoding=\"async\" width=\"300\" height=\"225\" src=\"http:\/\/rasf.eu\/wp-content\/uploads\/2017\/03\/17742549_1173584189434627_754549270_n-300x225.jpg\" class=\"attachment-medium size-medium\" alt=\"\" aria-describedby=\"gallery-1-213\" srcset=\"http:\/\/rasf.eu\/wp-content\/uploads\/2017\/03\/17742549_1173584189434627_754549270_n-300x225.jpg 300w, http:\/\/rasf.eu\/wp-content\/uploads\/2017\/03\/17742549_1173584189434627_754549270_n-768x576.jpg 768w, http:\/\/rasf.eu\/wp-content\/uploads\/2017\/03\/17742549_1173584189434627_754549270_n.jpg 960w\" sizes=\"auto, 100vw\" \/><\/a>\n\t\t\t<\/div>\n\t\t\t\t<figcaption class='wp-caption-text gallery-caption' id='gallery-1-213'>\n\t\t\t\tLeander, Darmstadt: &#8222;Ich unterst\u00fctze die RASF, weil sie der Gesellschaft zeigen will, dass Smartphones garnicht so gut f\u00fcr uns sind, wie viele denken.&#8220;\n\t\t\t\t<\/figcaption><\/figure><figure class='gallery-item'>\n\t\t\t<div class='gallery-icon landscape'>\n\t\t\t\t<a href='http:\/\/rasf.eu\/wp-content\/uploads\/2017\/03\/IMG_20170407_1124235378.jpg'><img loading=\"lazy\" decoding=\"async\" width=\"300\" height=\"225\" src=\"http:\/\/rasf.eu\/wp-content\/uploads\/2017\/03\/IMG_20170407_1124235378-300x225.jpg\" class=\"attachment-medium size-medium\" alt=\"\" aria-describedby=\"gallery-1-211\" srcset=\"http:\/\/rasf.eu\/wp-content\/uploads\/2017\/03\/IMG_20170407_1124235378-300x225.jpg 300w, http:\/\/rasf.eu\/wp-content\/uploads\/2017\/03\/IMG_20170407_1124235378-768x576.jpg 768w, http:\/\/rasf.eu\/wp-content\/uploads\/2017\/03\/IMG_20170407_1124235378-1024x768.jpg 1024w\" sizes=\"auto, 100vw\" \/><\/a>\n\t\t\t<\/div>\n\t\t\t\t<figcaption class='wp-caption-text gallery-caption' id='gallery-1-211'>\n\t\t\t\tCarmen, Berlin: &#8222;Ich f\u00fchle mich vor allem dem Miteinander und der Aufkl\u00e4rung verpflichtet. In politisch st\u00fcrmischen Zeiten wie diesen gilt es mehr denn je, besonders mit denen zu sprechen, die nicht der eigenen Meinung sind, anstatt sich in digitalen Blasen zu verlieren. Wir wollen ein Zeichen setzen f\u00fcr die offene Gesellschaft und f\u00fcr reale Auseinandersetzung. Ich habe \u00fcbrigens selbst ein Smartphone, lasse es bei Gespr\u00e4chen jedoch in der Tasche.\u201c\n\t\t\t\t<\/figcaption><\/figure><figure class='gallery-item'>\n\t\t\t<div class='gallery-icon landscape'>\n\t\t\t\t<a href='http:\/\/rasf.eu\/wp-content\/uploads\/2017\/03\/IMG_20170407_153819.jpg'><img loading=\"lazy\" decoding=\"async\" width=\"300\" height=\"225\" src=\"http:\/\/rasf.eu\/wp-content\/uploads\/2017\/03\/IMG_20170407_153819-300x225.jpg\" class=\"attachment-medium size-medium\" alt=\"\" aria-describedby=\"gallery-1-218\" srcset=\"http:\/\/rasf.eu\/wp-content\/uploads\/2017\/03\/IMG_20170407_153819-300x225.jpg 300w, http:\/\/rasf.eu\/wp-content\/uploads\/2017\/03\/IMG_20170407_153819-768x575.jpg 768w, http:\/\/rasf.eu\/wp-content\/uploads\/2017\/03\/IMG_20170407_153819-1024x767.jpg 1024w\" sizes=\"auto, 100vw\" \/><\/a>\n\t\t\t<\/div>\n\t\t\t\t<figcaption class='wp-caption-text gallery-caption' id='gallery-1-218'>\n\t\t\t\tBenno, Berlin: &#8222;Wir sollten einander mehr zuh\u00f6ren und uns weniger mit uns selbst besch\u00e4ftigen. Deshalb RASF.&#8220;\n\t\t\t\t<\/figcaption><\/figure><figure class='gallery-item'>\n\t\t\t<div class='gallery-icon landscape'>\n\t\t\t\t<a href='http:\/\/rasf.eu\/wp-content\/uploads\/2017\/03\/P4062667.jpg'><img loading=\"lazy\" decoding=\"async\" width=\"300\" height=\"225\" src=\"http:\/\/rasf.eu\/wp-content\/uploads\/2017\/03\/P4062667-300x225.jpg\" class=\"attachment-medium size-medium\" alt=\"\" aria-describedby=\"gallery-1-236\" srcset=\"http:\/\/rasf.eu\/wp-content\/uploads\/2017\/03\/P4062667-300x225.jpg 300w, http:\/\/rasf.eu\/wp-content\/uploads\/2017\/03\/P4062667-768x576.jpg 768w, http:\/\/rasf.eu\/wp-content\/uploads\/2017\/03\/P4062667-1024x768.jpg 1024w\" sizes=\"auto, 100vw\" \/><\/a>\n\t\t\t<\/div>\n\t\t\t\t<figcaption class='wp-caption-text gallery-caption' id='gallery-1-236'>\n\t\t\t\tWenzel, Berlin: &#8222;RASF, da ich glaube, dass exzessiver Smartphone Gebrauch zu Vereinsamung und Entfremdung f\u00fchrt!&#8220;\n\t\t\t\t<\/figcaption><\/figure>\n\t\t<\/div>\n\n","protected":false},"excerpt":{"rendered":"<p>Mit der RASF haben wir eine Plattform geschaffen, die dir die M\u00f6glichkeit gibt, dich in unsere Gesellschaftskritik einzubringen. Wir freuen uns \u00fcber jeglichen Beitrag: redaktionell, k\u00fcnstlerisch oder \u00fcber die Verteilung von Flyern. Wenn du also Lust hast, unsere Bewegung zu unterst\u00fctzen oder einfach nur Kontakt mit uns aufzunehmen, dann schreib an info@rasf.eu ! Schicke uns &hellip; <\/p>\n<p class=\"link-more\"><a href=\"http:\/\/rasf.eu\/?page_id=185&#038;lang=de\" class=\"more-link\"><span class=\"screen-reader-text\">\u201eSupport Us\/Kontakt\u201c <\/span>weiterlesen<\/a><\/p>\n","protected":false},"author":1,"featured_media":0,"parent":0,"menu_order":0,"comment_status":"closed","ping_status":"closed","template":"","meta":{"_bbp_topic_count":0,"_bbp_reply_count":0,"_bbp_total_topic_count":0,"_bbp_total_reply_count":0,"_bbp_voice_count":0,"_bbp_anonymous_reply_count":0,"_bbp_topic_count_hidden":0,"_bbp_reply_count_hidden":0,"_bbp_forum_subforum_count":0,"footnotes":""},"class_list":["post-185","page","type-page","status-publish","hentry"],"_links":{"self":[{"href":"http:\/\/rasf.eu\/index.php?rest_route=\/wp\/v2\/pages\/185","targetHints":{"allow":["GET"]}}],"collection":[{"href":"http:\/\/rasf.eu\/index.php?rest_route=\/wp\/v2\/pages"}],"about":[{"href":"http:\/\/rasf.eu\/index.php?rest_route=\/wp\/v2\/types\/page"}],"author":[{"embeddable":true,"href":"http:\/\/rasf.eu\/index.php?rest_route=\/wp\/v2\/users\/1"}],"replies":[{"embeddable":true,"href":"http:\/\/rasf.eu\/index.php?rest_route=%2Fwp%2Fv2%2Fcomments&post=185"}],"version-history":[{"count":31,"href":"http:\/\/rasf.eu\/index.php?rest_route=\/wp\/v2\/pages\/185\/revisions"}],"predecessor-version":[{"id":762,"href":"http:\/\/rasf.eu\/index.php?rest_route=\/wp\/v2\/pages\/185\/revisions\/762"}],"wp:attachment":[{"href":"http:\/\/rasf.eu\/index.php?rest_route=%2Fwp%2Fv2%2Fmedia&parent=185"}],"curies":[{"name":"wp","href":"https:\/\/api.w.org\/{rel}","templated":true}]}}